2*w**y + 8*w**2. Is c(-6) composite?
True
Let v(i) = 613*i**3 + 8*i**2 - 38*i + 145. Is v(8) a prime number?
False
Let n(i) = -i**3 - 9*i**2 - 3*i - 22. Let h be n(-9). Let a be (-2)/h + 216/90. Suppose 0*d - 4010 = -r + 3*d, 5*r = -a*d + 19999. Is r composite?
False
Let c = 49 - 44. Suppose 5*i - c*g + 4*g = -131, 3*g + 66 = -2*i. Is (i/18)/(-2 + 150/76) a composite number?
True
Suppose -2*i + 0*b + 5 = -3*b, -i = -2*b. Suppose -14*c + 229272 = i*c. Is c composite?
True
Is 18207 + ((-64)/40)/((-10)/25) composite?
False
Let s = 3 + 0. Let v = -8132 - -12401. Suppose 11772 = 4*o - 4*l, -5*o + 10438 + v = -s*l. Is o a composite number?
False
Suppose -25*l - 25*l + 16363366 = 8*l. Is l composite?
False
Let h(t) = 10*t**3 - 109*t**2 - 10*t + 14. Is h(13) a prime number?
True
Let s(b) = 39*b**3 + 6*b**2 - b - 15. Let k be s(5). Let t = k - 2246. Is t a prime number?
False
Let b = 52893 - 24574. Is b a prime number?
True
Let k(u) = 19*u - 16. Let j(x) = -39*x + 31. Let n(g) = -3*j(g) - 5*k(g). Let b = 2402 + -2393. Is n(b) composite?
True
Suppose -3*j - 2*j = -3*g - 1069, 3*j = g + 643. Let t = j + -150. Is 2/5 + 7319/t composite?
False
Let k(u) = -9*u + 209. Let a be k(23). Suppose -3*d = -3*t + 6, -5*d + 5*t = -3*d + 4. Is 419 + a + (d/1)/1 composite?
False
Is (-3 + 8 + 22/(-4))/(1/(-200558)) a composite number?
False
Suppose 0 = -31*q + 29*q - 40. Let g be (-32)/12*(-7035)/q. Let i = -279 - g. Is i a composite number?
False
Suppose -9*i - 8 = 1. Is (-12192)/24*i/2 composite?
True
Suppose 8216 + 224115 = p - 5*b, -2*p + b = -464662. Is p composite?
True
Is (-2928204)/(-8) - 3 - -6*(-2)/(-24) a composite number?
True
Let q be (-1 - 0)/1 - (-22919 - 27). Suppose -w + q = 5*m - 19549, w + 8500 = m. Is m a prime number?
False
Suppose 4*k + 17 = 25. Suppose -2*d + 82 + 62 = 5*m, -148 = -k*d - 3*m. Suppose 75*b + 254 = d*b. Is b prime?
True
Let q(i) = -i**3 - 12*i**2 + 67*i + 61. Suppose -57 = 12*k + 279. Is q(k) a prime number?
True
Suppose 1179*l - 1194*l = -41805. Is l composite?
True
Suppose -2*h + 0*h = -3*q + 37, q = -3*h + 27. Is 27/6*8870/q composite?
True
Let r(l) = 20*l + 18. Let y be r(-1). Is (y - (26/(-4) - -5))*-15734 a composite number?
False
Let g = -35 + 40. Suppose 3*s + g*z = 10957, 20*z = -s + 23*z + 3671. Is s a composite number?
False
Let z(d) = 19*d**2 - 21*d + 3. Suppose 7*i - 14 = -v + 3*i, 2*v = -3*i + 23. Is z(v) composite?
False
Let s = 502938 + -294749. Is s a prime number?
True
Let b be ((-100)/(-18))/(-25) + (-56)/(-9). Suppose 27*l = 30*l - b, -3*d + 3*l + 53559 = 0. Is d a composite number?
True
Is 13 - 52 - -19 - -9667 composite?
True
Suppose 2*p - 9 = -5. Let h(b) = 5*b**2 - 5*b. Let a be h(p). Let f = a - -27. Is f a composite number?
False
Let b(z) = -z**2 + 20*z - 73. Let x be b(10). Suppose 8657 = 38*u - x*u. Is u composite?
False
Suppose 0*n + 2*n + 18 = 5*f, n - 2*f = -8. Let o be n*(-25)/20 + 7. Suppose 11*y + 499 = o*y. Is y prime?
True
Suppose 0 = 4*q - 3*k - 123, -4*q - 10*k + 8*k + 118 = 0. Suppose -19*h = -25*h - q. Is ((-4936)/12 + h)*-3 composite?
False
Let g = -2025265 + 3118844. Is g composite?
True
Let g be (2/2)/((-4)/(-8)). Suppose -g*j + 26 = -3*j. Is (-6530)/j - 18/117 composite?
False
Suppose -48 - 249 = -11*g. Let f = 29 - g. Is -2 + (2378/f)/(5 - 4) a composite number?
False
Let z be (-10)/5 - (-1)/(-1)*-20191. Let x = z - 14374. Is x prime?
False
Suppose -7*y + 3*v + 3351089 = 0, -24*v + 23*v = 5*y - 2393635. Is y a prime number?
True
Suppose -3*m - y = -130820, m - 3*m + 3*y + 87217 = 0. Is m a prime number?
True
Let f be ((-13)/2)/(1/(-2)). Let n(w) be the third derivative of w**6/60 - 17*w**5/60 + 11*w**4/24 - 3*w**3/2 - 5*w**2 + 12*w - 7. Is n(f) a prime number?
False
Suppose 4*c = 1499 - 475. Suppose -i + 19 + c = 0. Suppose o + i = 1412. Is o prime?
False
Let c(u) = -u**3 - 2*u**2 + 4*u + 6. Let a be c(-3). Suppose 0*o + 1130 = 4*w + o, 3*o = a*w - 840. Let b = w + 439. Is b composite?
True
Suppose -p + 109047 = 3*i, -2*i - 12360 + 85058 = 3*p. Is i a composite number?
True
Let i = -19 - -27. Suppose s = -i*s - 239868. Is (-1)/(-3*(-4)/s) composite?
False
Suppose -l + 3286 = 80*p - 77*p, 1092 = p + l. Is p composite?
False
Let t = 96 - 91. Suppose 5*u - t*b + 83 = -42, -2*b + 28 = -u. Let g = u + 515. Is g prime?
False
Let l be (-268)/(-6) + 21/63. Let t = l - 45. Suppose t = -3*h - 3*h + 1830. Is h composite?
True
Let b = 57393 + 144770. Is b a composite number?
True
Suppose -o + 2152 = o. Suppose -b + 639 = -5*u, -5*u - 1450 = -4*b + o. Is b a prime number?
False
Let y(w) = -9137*w + 2215. Is y(-6) a prime number?
True
Let a(z) = z**2 + 11*z + 30. Let k be a(-7). Let i(g) = 1734*g**3 - g**2 - 6*g + 7. Is i(k) prime?
False
Let b be 14/42 + -1 - 80/(-30). Suppose 5*x = 9 + 1, -4*d - 4*x = -20. Suppose b*c = d*c - 2995. Is c a prime number?
False
Let h(y) be the first derivative of 7*y**3/3 + 4*y**2 + 6*y - 96. Suppose -2*z - 4*w = -0*z + 34, 3*z + 16 = w. Is h(z) a composite number?
False
Let b(v) = 6*v**3 - 6*v**2 + 28*v + 86. Let k(p) = 5*p**3 - 8*p**2 + 29*p + 87. Let j(z) = 4*b(z) - 5*k(z). Is j(-17) prime?
True
Let s = -3 + 5. Let u(x) = -20*x**2 + 8*x - 24. Let p be u(-7). Is p/(-5) - -1 - s prime?
True
Suppose 5*l + 3*b = 10003 + 32999, 3*l = -3*b + 25806. Suppose 0 = -4*h + 1794 - l. Is ((-2)/(-5))/(8/40) - h composite?
True
Suppose 3*q + 69 + 93 = 0. Is (2/(-4))/(q/16956) a composite number?
False
Let d(g) = 1232*g**2 - g. Let s be d(-2). Suppose 3*y = -0*y - 15, -5*t + 5*y - s = 0. Let r = t + 2830. Is r a prime number?
False
Suppose d = m + 5*d, -m = -4*d. Suppose -3*j - 3*h + 2727 = m, h - 2719 = -3*j - 4*h. Is j a composite number?
True
Suppose -k - 10129 = -34*g + 30*g, 3*g + 3*k - 7578 = 0. Suppose -g = -f + 4818. Is f a composite number?
False
Let u = -83471 + 240412. Is u prime?
True
Let d(q) = 27531*q - 673. Is d(6) composite?
False
Suppose -27*v + 20*v = -840. Let g = -284 + v. Let h = 537 + g. Is h a composite number?
False
Is ((-2)/(-4))/(439/294956198) a composite number?
False
Let b = -38946 - -59075. Is b a composite number?
False
Suppose 0 = 2*d + 4*r - 38, 2*r = 3*d - r - 21. Suppose 163132 = d*i + 10089. Is i prime?
True
Suppose 36475 = l + 3*q, -355787 - 81977 = -12*l - 4*q. Is l composite?
True
Let f = -206695 + 370448. Is f a prime number?
True
Suppose -89*k = -83*k - 167748. Suppose -20*i + k = -159682. Is i a prime number?
False
Let c = 112 - 107. Suppose -2*y + 6*y = 5*k - 8181, -c*k - 5*y = -8190. Is k a composite number?
False
Suppose -4*o + 10 = 5*u - 40, -2*o + 16 = u. Is -7*u/(-168)*7916/1 prime?
True
Suppose -16*g + 14*g + 100 = 5*r, 0 = 5*r - 4*g - 100. Suppose u - 4972 = -4*x + 627, -4*x = -r. Is u composite?
True
Suppose 3*n - 38793 = p, -5*p - 14*n - 193909 = -15*n. Let a = p + 55274. Is a a composite number?
False
Is (-26)/(-13)*((-191811)/(-6) - 4) prime?
True
Let h = -6043 - -4242. Let q = -1154 - h. Is q a prime number?
True
Is 6708442/32 + 1170/6240 composite?
False
Suppose 0 = -7*w + 14355 - 2938. Suppose -q - f = -539, -547 + w = 2*q + 5*f. Is q a prime number?
False
Let d(s) = s**2 + 10*s - 6. Let g be d(-9). Let n(j) = 2*j. Let h be n(g). Let t = 101 + h. Is t composite?
False
Suppose 30*k = -37*k + 1289331 + 1755752. Is k a composite number?
True
Let a(u) = 4 + 34 + 5*u**2 + 6107*u**3 + 10*u - 6111*u**3. Is a(-11) a prime number?
True
Suppose 19*a + 34539 = 519476. Is a composite?
False
Suppose -f - 5*d = -d + 12, -3*f + 9 = -3*d. Suppose -35*c + 16*c + 75791 = f. Is c prime?
True
Let h = -93 - -90. Let q be (10/4 - 4) + h/(-2). Is 3640 - (0 - 1 - q) prime?
False
Let k(j) = -j**3 + 5*j**2 + 5*j + 9. Let y = -57 - -63. Let o be k(y). Suppose 11*n = o*n + 1480. Is n composite?
True
Let q(c) = c**3 - 13*c**2 + 21*c + 11. Let o = 10 + 1. Let x be q(o). Suppose r = -3*r + b + 1589, x = -3*b - 3. Is r prime?
True
Let j = 494737 + -289016. Is j a composite number?
False
Let v = 137192 + 45441. Is v composite?
True
Let p(r) = 1209*r + 411. Let s(q) = -q + 6. Let c(o) = p(o) + 2*s(o). Is c(8) a prime number?
True
Let y(m) = 38*m + 308. Let a be y(-8). Suppose -3*o = -x + 36, 6*x - a*o - 184 = 2*x. Is x a prime number?
False
Let f be 2 - (-682 - (-1 + 3)). Let v(i) = -2*i**2 + 18*i - 271. Let c be v(15). Let y = c + f. Is y prime?
False
Supp